).
2
Suppose 25 = 5*v - 3*g, 3*v + 594 - 609 = 3*g. Let t(c) = -c**2 - c + 1. Let n(q) = 2*q**2 - 4*q + 4. Let b(o) = n(o) + t(o). Determine b(v).
5
Let s(q) = -20*q**2 - 26*q - 78. Let b(o) = -3*o**2 - 4*o - 13. Let w(m) = 13*b(m) - 2*s(m). What is w(0)?
-13
Let a(x) = -6*x**2 - 7*x - 1. Let p(i) = 5*i**2 + 6*i. Suppose -7*n - 16 = -11*n. Let l(y) = n*p(y) + 3*a(y). Determine l(-3).
6
Let w be ((-2)/(-6))/(13/156). Let f(o) = 4 + 2 + o - 1 - w*o. Calculate f(4).
-7
Let h(t) = 1. Let f(s) = -2*s - 4*s + 6*s + 2 + s. Let o(i) = -f(i) - 3*h(i). Determine o(5).
-10
Let m be (-180)/(-18) + (-8 - 1). Let f(w) be the third derivative of w**5/12 + w**4/12 - w**3/6 + 2*w**2. Give f(m).
6
Let j(p) = -p**3 + 7*p**2 - p + 10. Let i be j(7). Let c(l) = l**3 - 6*l + l**i - 4*l**2 - l**3 - 1. Suppose 0*s = 4*s - 20. Give c(s).
-6
Let c(r) = r**3 - 3*r**2 - 2*r. Let f(n) = -3 + 5 + 2 + n**2 + 0 - 5*n. Let d be f(6). Suppose d*y - 12 = 6*y. Calculate c(y).
-6
Let a(m) = -m**3 - 3*m**2 + 4*m + 1. Let u be a(-4). Let o(w) = -6*w - 1. Calculate o(u).
-7
Let m(d) = d**3 + d**2 + 1. Let s be m(0). Let p(j) = -7*j + 1. Let w be p(s). Let x(g) = -1 - 2 - 8*g + 6*g + 5 + 3*g. Give x(w).
-4
Suppose 0 = 2*w - 18 - 4. Suppose -35 = -6*b - w. Let s be b/22 - (-414)/(-99). Let h(d) = -d**2 - 3*d - 4. Calculate h(s).
-8
Let a(o) = 5*o**2 + o. Let m be 1/((-12)/16)*-6. Let k(f) = f**2 - 2 + 1 + 0 + m*f - 5*f. Let b be k(-3). Give a(b).
4
Let o = -23 + 23. Suppose 2*m + 1 = 3*h + 3, 2*h = -m + 8. Let j(y) = 0*y**2 - y**3 + 0*y**2 - y + m. Give j(o).
4
Let g(p) = -3*p - 14. Suppose 8*a + 7 = -33. What is g(a)?
1
Let g(q) = q**3 - q**2 - 3*q - 3. Let m be g(3). Let i(a) be the second derivative of -a**4/6 + 5*a**3/3 - 3*a**2 - a + 11. Calculate i(m).
-18
Let w(y) be the first derivative of -3*y**2/2 + 5*y + 43. Calculate w(4).
-7
Let s(l) = -l**2 + 11*l - 24. Let o(k) = -2*k**2 + 21*k - 43. Let n(h) = -4*o(h) + 7*s(h). Determine n(6).
-2
Let y = 0 + -2. Let x be (0 - 0)*1/y. Let r(l) = 4*l + 159. Let d(u) = 7*u + 265. Let p(i) = -3*d(i) + 5*r(i). Give p(x).
0
Let t(s) = -s**3 - 13*s**2 + 14*s + 9. Let k(f) = -f**3 - 12*f**2 + 13*f + 7. Let m(u) = 4*k(u) - 3*t(u). What is m(-10)?
1
Let d(j) = j**3 + 6*j**2 + 6*j + 1. Suppose 0 = h - 2. Let i = -2 + 7. Suppose -3*a - i*w = 20, a - 3*w = -0*a - h. What is d(a)?
-4
Let y(q) = 1 + 60727*q - q**2 + q**3 - 60729*q - 1. What is y(-2)?
-8
Let m(o) = -30*o**2 + 73 - 28 - 21 - 12*o**2 - 23. Calculate m(-1).
-41
Suppose 14*l + 16 = -26. Let w(g) = 5*g + 3. Determine w(l).
-12
Let u(q) = 84*q**2 + 45*q - 15. Let r(f) = 12*f**2 + 6*f - 2. Let w(h) = 15*r(h) - 2*u(h). Determine w(1).
12
Let v = 662 + -668. Let g(z) = -5*z - 19. Let i(j) = -2*j - 9. Let h(d) = -3*g(d) + 7*i(d). Calculate h(v).
-12
Let v(g) = 2*g**3 + 4*g**2 - 6*g - 2. Suppose 5*m - 36 = -3*a - 41, 5*m = 5*a - 45. What is v(m)?
-42
Suppose 0 = 11*d + 21 + 1. Let m(k) be the first derivative of k**3/6 + 2*k**2 + 2*k - 1. Let t(p) be the first derivative of m(p). Calculate t(d).
2
Let v(b) be the third derivative of 0*b - 9*b**2 + 0 - 1/15*b**5 + 1/3*b**3 + 1/120*b**6 - 1/6*b**4. Give v(5).
7
Let x(a) = a**3 + 4*a**2 + 4*a + 1. Let q = -17 + 11. Let z = q - -10. Suppose 3*k = -4*c - 15, -z*c + 6*k = 3*k + 9. Determine x(c).
-2
Let g(v) be the second derivative of -v**3/3 + 3*v**2/2 - 3*v. Suppose 5*o = 62 + 78. Suppose 4*c - s = -17, 5*s = -c + 2*c + o. What is g(c)?
9
Let c(u) = u + 1 + 0 - 2. Let n be c(4). Let y(f) = 2 - n + 2*f + 3. Determine y(-4).
-6
Let l(v) be the second derivative of 2*v**5/5 - v**3/3 - v**2/2 - 4*v. Suppose -18*c - 24 = 6*c. Give l(c).
-7
Let h(b) = 4*b**3. Let w(g) = 10*g**2 - 17*g**2 - 16 + 2*g + 8*g**2. Let o be w(-5). Give h(o).
-4
Let i(w) be the third derivative of -w**5/60 - 7*w**4/12 + 13*w**3/6 - 3*w**2 + 2. Give i(-15).
-2
Suppose 16 = -28*v + 36*v. Let k(h) = -4 + 5*h**v + 11 + 0 - 6*h**2 - 6*h. Calculate k(-6).
7
Let f be -1*1 - (-11 - -16). Let n(b) = b. Let x(w) = 7*w + 5. Let p(r) = f*n(r) + x(r). Let u(v) = -v - 4. Let t(o) = -4*p(o) - 5*u(o). Determine t(-2).
-2
Let o(s) = -3*s - 6. Let y be o(-7). Let i be (-1 - 14)*(-5)/y. Suppose 0 = -4*l + i*l + 5, -k = l + 5. Let n(w) = w**3 + w**2 + 1. Calculate n(k).
1
Let n(g) be the first derivative of -g**3/3 + 5*g**2 - 14*g + 142. Determine n(7).
7
Let t(v) be the second derivative of -v**7/2520 + v**6/144 + v**5/15 + v**4/4 - 26*v. Let z(l) be the third derivative of t(l). Determine z(6).
2
Let t = -6 + 11. Let i(u) = -u**2 - 6*u + 1. Let d(a) = -a + 1. Let b(y) = t*d(y) - i(y). Let c be (6/8)/((-1)/(-4)) + -1886 + 1883. What is b(c)?
4
Let x(z) be the first derivative of z**3/3 - 7*z**2/2 + 2*z - 1. Let n be 4 + (-1 - (2 + 0 - 2)). Let c = 8 - n. Give x(c).
-8
Let u(p) be the third derivative of p**5/60 + p**4/24 - 13*p**3/6 + 7*p**2. Suppose 11*x = 4*x + 3*x. Calculate u(x).
-13
Let o(m) = -m + 18. Let c(a) = 11*a**3 + a**2 - 2*a - 2. Let k be c(-1). Calculate o(k).
28
Let k(d) be the first derivative of d**2/2 + 8*d + 18. Let s = -21 + 15. Determine k(s).
2
Let c(p) be the third derivative of p**6/120 + p**5/15 - 7*p**4/24 - 16*p**2. Let t be 20/(-6)*15/10. Calculate c(t).
10
Let m(s) = s**3 + 10*s**2 + 7*s - 11. Let k = -98 + 80. Let d be (((-21)/6)/(-7))/(1/k). Give m(d).
7
Let x(a) = -a**3 + 5*a**2 + a - 5. Let c be x(5). Let g(b) = -116 - 118 + 239 - 4*b + 3*b. Calculate g(c).
5
Let h(g) = g**2 - 3*g - 4. Let r be h(3). Let x(c) = 267*c - 131*c + 2*c**3 - 138*c - 4 - c**3 + 4*c**2. What is x(r)?
4
Let b(q) = -20*q - 7 - 16*q + q**3 - q**2 + 5*q**2 + 30*q. Calculate b(-5).
-2
Let d(m) = 136*m - 3. Let i(t) = 74*t - 2. Let q(v) = 6*d(v) - 10*i(v). Give q(-1).
-74
Let s(d) = 5 + 5*d + 0*d - 1 + d**2. Let j(i) = -8*i - 27. Let u be j(-3). Let f(o) = -2*o**2 - 4*o + 3. Let t be f(u). What is s(t)?
-2
Let n be -1 + 2 + (-5 - 1). Let f(z) = 3*z**2 - 5*z + 1. Let m(r) = -2*r**2 + 2*r - 1. Let o(g) = 3*f(g) + 5*m(g). Let v be o(n). Let q(s) = 5*s + 3. Give q(v).
-7
Suppose -8*h + 3*h = 0. Suppose -3*j + h - 1 = -g, -5*g - 15 = 5*j. Let c(l) = 2*l. What is c(g)?
-4
Let u(k) be the first derivative of -k**4/4 + 7*k**3 - k**2/2 + 23*k - 367. Calculate u(21).
2
Let w(i) be the first derivative of -i**4/4 - 7*i**3/3 - i**2 - 8*i + 81. Calculate w(-7).
6
Let x = -1588 - -1593. Let c(n) = n**2 - n - 17. Calculate c(x).
3
Let c(u) = 3*u**2 + u - 2. Let n(d) = -2*d**2 - 17*d + 6. Let q(b) = -c(b) - n(b). Give q(8).
60
Suppose 2 + 1 = -3*j. Let v(o) = 3*o**2 - 9*o. Let t(h) = -h**2 + 1. Let p(d) = j*v(d) - 2*t(d). Let q be p(8). Let b(g) = -g + 11. Determine b(q).
5
Let t(p) be the second derivative of p**5/20 - 7*p**4/12 + p**3 + 4*p**2 + 7*p + 32. Let k be (-88)/(-14) + 4/(-14). Give t(k).
8
Let j be (3 - (-77)/(-22))*-8. Let d(s) be the first derivative of -s**2/2 + 8*s + 2. What is d(j)?
4
Let z = -15 + 30. Suppose z = -4*c + 9*c. Let d(j) = -j**3 + 4*j**2 - 3*j + 3. What is d(c)?
3
Let i(u) = -5*u**2 + u - 5. Let j(n) = n**2 + 1. Let o(l) = -i(l) - 4*j(l). Suppose -5 = x + 4*z + 10, -2*x - 3*z = 10. What is o(x)?
1
Let k(w) = -w**2 - 15*w + 19. Let g be (-24)/5*(-170)/(-51). Let b be k(g). Let s(c) = 1 + 7*c**2 + 6*c + 3*c**3 - 2*c**2 + 4 - 4*c**b. Determine s(6).
5
Suppose 0 = w + w - 6. Let f(d) = 2*d - 8. Let g be f(3). Let s = g + w. Let x(n) = -13*n - 1. Give x(s).
-14
Let g(p) be the third derivative of -p**5/60 - p**4/24 - 2*p**3/3 - 142*p**2. Calculate g(3).
-16
Let c(s) = s - 26. Let l be ((-128)/144)/((-1)/18). Calculate c(l).
-10
Let i(u) = -4*u**2 + 4*u + 5. Let l(q) = -q**2 + q + 1. Let p(o) = i(o) - 3*l(o). Suppose -8 = 39*y + 70. Give p(y).
-4
Let d be (-34)/8 - 1/(-4). Let x(a) = -2*a + 36. Let o be x(17). Let n(k) = 9 + k - k**3 - 23 - 4*k**o + 10. Determine n(d).
-8
Suppose 3*o + 4 = -4*d - 10, -19 = 5*d + 3*o. Let a(f) = -f - 5. Let k(u) = u + 4. Let y(i) = 4*a(i) + 5*k(i). Calculate y(d).
-5
Let u(s) be the third derivative of s**4/8 - s**3/2 - 10*s**2. Let g = 70 + -42. Suppose -5*m = -2*v - 23, 5*m + 0*m = -3*v + g. Determine u(m).
12
Let a(b) = -11*b + 1. Suppose 20 - 17 = -3*g. Calculate a(g).
12
Let n(d) = d**2 + d. Let l(s) = -4*s**2 - 4*s + 2. Let f(c) = -l(c) - 6*n(c). Let g = 18 - 12. Suppose 3*o - 5*i - 10 = -i, -o + 2*i = -g. What is f(o)?
-6
Let p(y) = -11 - y*